{"id":63,"date":"2019-05-05T18:42:13","date_gmt":"2019-05-05T16:42:13","guid":{"rendered":"http:\/\/www.jedovnice.eu\/?page_id=63"},"modified":"2019-05-05T18:55:56","modified_gmt":"2019-05-05T16:55:56","slug":"ubytovani-v-chate-u-rybnika","status":"publish","type":"page","link":"https:\/\/www.jedovnice.eu\/index.php\/ubytovani-v-chate-u-rybnika\/","title":{"rendered":"Ubytov\u00e1n\u00ed v chat\u011b u rybn\u00edka"},"content":{"rendered":"\n<p>Nab\u00edz\u00edme v\u00fdb\u011br rekrea\u010dn\u00edch chat pro men\u0161\u00ed i v\u011bt\u0161\u00ed rosiny na levnou dovolenou s d\u011btmi na chat\u011b v Moravsk\u00e9m Krasu u rybn\u00edka Ol\u0161ovce.<\/p>\n\n\n\n<h3>Jedovnice<\/h3>\n\n\n\n<p>Jednou z bezprost\u0159edn\u011b  p\u0159ilehl\u00fdch rekrea\u010dn\u00edch oblast\u00ed Moravsk\u00e9ho krasu jsou Jedovnice, kter\u00e9  jsou nejv\u011bt\u0161\u00ed obc\u00ed okresu Blansko a nach\u00e1z\u00ed se na k\u0159i\u017eovatce cest  Prost\u011bjov, Brno, Blansko a Vy\u0161kov. Maj\u00ed 2950 obyvatel a prvn\u00ed p\u00edsemn\u00e1  zm\u00ednka je u\u017e z roku 1251.<\/p>\n\n\n\n<p>Komletn\u00ed nab\u00eddku mo\u017enosti devolen\u00e9 s d\u011btmi v \u010desku a dovolen\u00e9 se psam nalenete zde:<a href=\"https:\/\/www.jedovnice.com\" target=\"_blank\" rel=\"noreferrer noopener\" aria-label=\" (otev\u0159e se na nov\u00e9 z\u00e1lo\u017ece)\">https:\/\/www.jedovnice.com<\/a><\/p>\n","protected":false},"excerpt":{"rendered":"<p>Nab\u00edz\u00edme v\u00fdb\u011br rekrea\u010dn\u00edch chat pro men\u0161\u00ed i v\u011bt\u0161\u00ed rosiny na levnou dovolenou s d\u011btmi [&hellip;]<\/p>\n","protected":false},"author":1,"featured_media":0,"parent":0,"menu_order":0,"comment_status":"closed","ping_status":"closed","template":"","meta":[],"aioseo_notices":[],"_links":{"self":[{"href":"https:\/\/www.jedovnice.eu\/index.php\/wp-json\/wp\/v2\/pages\/63"}],"collection":[{"href":"https:\/\/www.jedovnice.eu\/index.php\/wp-json\/wp\/v2\/pages"}],"about":[{"href":"https:\/\/www.jedovnice.eu\/index.php\/wp-json\/wp\/v2\/types\/page"}],"author":[{"embeddable":true,"href":"https:\/\/www.jedovnice.eu\/index.php\/wp-json\/wp\/v2\/users\/1"}],"replies":[{"embeddable":true,"href":"https:\/\/www.jedovnice.eu\/index.php\/wp-json\/wp\/v2\/comments?post=63"}],"version-history":[{"count":3,"href":"https:\/\/www.jedovnice.eu\/index.php\/wp-json\/wp\/v2\/pages\/63\/revisions"}],"predecessor-version":[{"id":73,"href":"https:\/\/www.jedovnice.eu\/index.php\/wp-json\/wp\/v2\/pages\/63\/revisions\/73"}],"wp:attachment":[{"href":"https:\/\/www.jedovnice.eu\/index.php\/wp-json\/wp\/v2\/media?parent=63"}],"curies":[{"name":"wp","href":"https:\/\/api.w.org\/{rel}","templated":true}]}}